2, 5, 13
Let s(l) = 9*l. Let y(v) = 10*v - 1. Let q(i) = 4*s(i) - 3*y(i). Let h be q(-3). List the prime factors of ((-42)/(-10))/((-3)/h).
3, 7
Let m(d) = 2*d**2 + 43*d + 28. Let q be m(-21). Let h(k) = 2*k**2 - 4*k - 7. List the prime factors of h(q).
3, 7
Let l(a) be the third derivative of -3*a**4/8 - a**3/2 + 5*a**2. Let g be l(-7). Suppose -g = -5*f - d + 5*d, -4*d = -4*f + 48. What are the prime factors of f?
2, 3
Let t(v) = -167*v - 59. What are the prime factors of t(-3)?
2, 13, 17
Suppose -5*x + 15 = -2*n, 5*x + 2*n + 10 = -n. Let k(m) = 3*m**3 + m. Let j be k(x). Suppose -87 - 125 = -j*u. List the prime factors of u.
53
Let w(x) = -2*x**3 - 17*x**2 + 11*x + 23. Let s be w(-9). Suppose 2*h - 2*g + 3*g - 299 = 0, 5*h - s*g - 740 = 0. What are the prime factors of h?
149
Let x(g) = 2*g**2 + 10*g - 9. Let f be x(-9). Suppose -f + 11 = -4*t. Suppose 5*l + 3*o - 151 = 0, t = 5*l - 4*o - 124. What are the prime factors of l?
29
Suppose 0 = -18*c + 19*c - 249. What are the prime factors of c?
3, 83
Let w(a) = -6*a + 11*a**2 + 19*a**2 + 10*a**2 - 8 - 39*a**2. List the prime factors of w(10).
2
Let t(w) = 21*w**3 + w**2 - 2*w + 3. Let v = -151 - -153. What are the prime factors of t(v)?
3, 19
Suppose 0 = z + 1, -2*z + 2553 = 5*r - 0*z. Suppose r = -d + 8*d. What are the prime factors of d?
73
Suppose i = 2*f + 2, 3*i + 0 - 6 = 3*f. Let c = 59 + i. List the prime factors of c.
61
Suppose -z + 6*z - 2 = -2*j, -4*j = -z - 4. Let t be (z/(-4))/(-1 - 0). Suppose -5*i + 4*i + 36 = t. What are the prime factors of i?
2, 3
Let n(i) = -i**3 + 7*i**2 + 12*i + 53. What are the prime factors of n(-7)?
5, 131
Let d(a) be the first derivative of -a**4/4 - 22*a**3/3 - 23*a**2/2 + 4*a - 3. What are the prime factors of d(-21)?
2, 23
Suppose -o = -4*o. Suppose -1 = -s, o*s = d + s + 6. Let u(y) = -5*y + 2. What are the prime factors of u(d)?
37
Suppose 25*m - 24*m = 64. Suppose 2*p = m - 22. What are the prime factors of p?
3, 7
Let z = 348 - -201. List the prime factors of z.
3, 61
Let a = 433 + 476. What are the prime factors of a?
3, 101
Let f(x) = x**3 + 6*x**2 + 8*x - 22. List the prime factors of f(5).
293
Suppose v + 16 = 4*h + 4, v = -3*h + 9. Suppose j - 118 = -4*z, -2*z - 2*j - j + 54 = v. Let f = -3 + z. What are the prime factors of f?
3
Let n be (-9)/(-15) - 312/20. Let r = n - -27. Suppose -g = 2*g - r. List the prime factors of g.
2
Suppose 16504 + 33421 = 25*t. List the prime factors of t.
1997
Let c = -544 - -781. List the prime factors of c.
3, 79
List the prime factors of (30/5 - -926) + -9.
13, 71
Let d(q) = 127*q - 81. List the prime factors of d(5).
2, 277
Suppose -2*g + 3 + 5 = 0. Suppose 0 = 2*y - 5*c - 182, g*y = -3*c - 195 + 507. List the prime factors of y.
3
Let j(q) = 7*q**2 - 12*q - 9. Let t(b) = -14*b**2 + 23*b + 17. Let w(y) = -11*j(y) - 6*t(y). What are the prime factors of w(-5)?
2, 101
Let z be 5*2*(5 - 75/(-2)). Suppose -3*s + 2 = -13, 2*h - 3*s - z = 0. List the prime factors of h.
2, 5, 11
Let d = 219 + -31. List the prime factors of d.
2, 47
Suppose 3*t - 105 = -2*t - f, 3*t + f = 61. Suppose t = 4*c - 2*c. What are the prime factors of c?
11
Let x(m) = 170*m**2 + 6*m - 25. What are the prime factors of x(3)?
1523
Suppose 4*x + 14 = -b + 2*b, 10 = -b - 4*x. Let d(y) = 8*y - 1. Let v(n) = -48*n + 6. Let i(c) = -34*d(c) - 6*v(c). List the prime factors of i(b).
2, 3, 5
Suppose 0 = 2*q + 3*v - 771, -4*q + 5*v + 350 = -1225. What are the prime factors of q?
2, 3, 5, 13
List the prime factors of (80/3)/((-94)/(-987)).
2, 5, 7
Let n = -196 + 1039. What are the prime factors of n?
3, 281
Let u(c) = 2*c + 12. Let j be u(0). Suppose 2*t = -4*t + j. Suppose -8 = -t*i, -2*x + i + 25 = 5. List the prime factors of x.
2, 3
Let y(m) = 3*m - 18. Let w be y(10). List the prime factors of (90/24)/(3/w).
3, 5
Let o be (-2)/(-6) - (-637)/(-21). What are the prime factors of (-833)/(-5) + o/50?
2, 83
Suppose 3 = -7*r + 4*r. Let j be 1*3*1/r. Let s(o) = -2*o**3 - 4*o**2 - o + 2. List the prime factors of s(j).
23
Suppose -41 - 343 = -8*t. What are the prime factors of t?
2, 3
Let b(d) be the third derivative of d**6/240 + 13*d**5/120 + d**4/24 + 3*d**2. Let n(w) be the second derivative of b(w). List the prime factors of n(5).
2, 7
Let a = 71 + -39. Suppose -a = -11*z + 12. List the prime factors of z.
2
Let y be (-18)/(-12)*248/6. Suppose 5*k = -b + 143, -3*k = -k - 2*b - y. What are the prime factors of k?
29
Let n be (-2)/6 + (-180)/(-54). Suppose n*i + 15 = 4*i. Let o = i - 13. List the prime factors of o.
2
Let g(d) = 707*d**3 - 2*d**2 + 4*d - 3. List the prime factors of g(1).
2, 353
Let l be (44/8 - 6) + 69/2. Suppose 3*r = l + 5. List the prime factors of r.
13
Let y be (4/(4 - 0))/1. Let s be (y + -3)/(2/(-8)). Let p = s - -26. What are the prime factors of p?
2, 17
List the prime factors of (1 - -8)/((4/1740)/1).
3, 5, 29
Suppose 15 + 3 = 6*y. Suppose y*f + f - 672 = 0. What are the prime factors of f?
2, 3, 7
Let g(r) be the second derivative of -r**4/12 - 2*r**3/3 + 7*r**2/2 + 6*r. Let p be g(-4). Let a = 14 + p. What are the prime factors of a?
3, 7
Let o(c) = -c**2 + 12*c - 11. Suppose 24 = 13*y - 10*y. Let z be o(y). What are the prime factors of 3/(z/6 + -3)?
2, 3
Suppose 4*q - 5*q + 52 = 0. What are the prime factors of q?
2, 13
Let p(r) = 44*r - 59. List the prime factors of p(6).
5, 41
Let y(p) = 3*p**2 - 78*p - 6. List the prime factors of y(41).
3, 613
Suppose -2*c = 5*m + 14, c = -10*m + 11*m. What are the prime factors of (8/(-4) + (-624)/m)/1?
2, 5, 31
Let n(s) = s**3 + 7*s**2 + 13*s + 20. Let y be n(-8). Let c = y + 266. What are the prime factors of c?
2, 59
Suppose 0 = -2*z + z - 2. Let y be 5*4*z/4. List the prime factors of (29 + 0)/(-9 - y).
29
Let i(m) = 165*m**3 - 3*m**2 + 2*m + 6. What are the prime factors of i(2)?
2, 659
Let p(u) = 3*u + 35. Let r be p(5). Let d(w) = w**2 + w - 3. Let n be d(-3). Suppose 2*k + 0*h - 46 = -h, 2*k - r = -n*h. List the prime factors of k.
2, 11
Let l(n) = 75*n + 28. Suppose 5*y = 11*y - 12. List the prime factors of l(y).
2, 89
Suppose 0 = -7*g + 3*g + 364. Let q = g + -61. List the prime factors of 502/9 - q/(-135).
2, 7
Suppose i + 145 = -y, -2*y + 610 = -6*i + 2*i. Let t = -95 - i. List the prime factors of t.
5, 11
Suppose -6*x + 10 = -x. Suppose -3*r = 3*o + 3, x*o - 4*r - 17 = -1. Suppose -d + 0*d + 48 = 4*u, 5*u + 44 = o*d. What are the prime factors of d?
2
Suppose 0 = -5*m - 4*m + 18. Suppose -g - 530 = -6*n + m*n, 2 = g. What are the prime factors of n?
7, 19
Let k = -172 + 346. List the prime factors of k.
2, 3, 29
Let t(x) be the second derivative of -x**5/20 - 5*x**4/12 - 2*x**3/3 + 5*x**2/2 - 2*x. Let c = 70 - 75. What are the prime factors of t(c)?
5
Let z(y) = y**2 - 3*y - 45. Suppose 3*k + 30 - 9 = 0. List the prime factors of z(k).
5
Let f be (-1)/(-9)*-3*0. Suppose -10*h + 285 + 25 = f. What are the prime factors of h?
31
Let c(u) = -u - 7*u - 3 - 13. What are the prime factors of c(-8)?
2, 3
Let u(d) = 2*d**2 + 11*d + 8. Suppose 3*l + 32 = -g + 9, -3*l - 5*g - 19 = 0. List the prime factors of u(l).
2, 3
Let k be 0 - (8/2)/(-4). What are the prime factors of 39/k + -4 + (0 - -2)?
37
Let o = 3 - 4. Let h = o - -5. Suppose s - h*m = 2 + 15, 2*m + 31 = 5*s. List the prime factors of s.
5
Suppose -20 = -2*t - 2*t. Suppose -5*z - t*q + 116 + 174 = 0, -2*q + 2 = 0. Suppose -5*o = 4*h - z, -2*o + 5 - 19 = -3*h. What are the prime factors of h?
2
Let s = 288 + 960. What are the prime factors of s?
2, 3, 13
Suppose -2*l + 8 = 8*p - 7*p, 4*p = -2*l + 44. What are the prime factors of p?
2, 3
Let d = -4 + -10. Let t be (1 - -20) + 0/(-3). Let n = d + t. What are the prime factors of n?
7
List the prime factors of ((-101466)/(-72))/((-3)/(-4)).
1879
Let f = 44 + 47. List the prime factors of f.
7, 13
Let j be (-20)/6*(-6)/(-5). Suppose -2*g + 80 = -6*g - 2*f, -2*g - 5*f - 56 = 0. What are the prime factors of ((-18)/j)/((-3)/g)?
3
Let w = 34 - 32. Suppose 5*j - 192 = w*j + 3*k, 4*j = k + 253. What are the prime factors of j?
3, 7
Suppose -194 = 3*m - 50. List the prime factors of 460/11 + -2 + m/(-22).
2, 3, 7
Let f(i) = -i**3 - 2*i + 7. Let x be f(0). Suppose -2*g + 99 = 2*q - x*g, 0 = 5*q + 2*g - 204. List the prime factors of q.
2, 3, 7
List the prime factors o